posite number?
False
Is 4712287 a prime number?
True
Is 8097823 a prime number?
True
Is 847427 a prime number?
False
Is 5311877 prime?
True
Is 981241 prime?
True
Is 16926493 prime?
False
Is 2172487 prime?
False
Is 42328189 a composite number?
False
Is 1864769 a composite number?
False
Is 175637899 a composite number?
False
Is 1023653 composite?
False
Is 2127815 a composite number?
True
Is 72320331 prime?
False
Is 596075213 a prime number?
True
Is 267139 prime?
True
Is 82741 prime?
False
Is 109863533 composite?
True
Is 37921517 prime?
True
Is 92828233 composite?
False
Is 10095031 composite?
True
Is 661931 composite?
False
Is 2230381 a composite number?
True
Is 108557081 composite?
False
Is 11975563 a composite number?
False
Is 45115207 composite?
False
Is 441017 a composite number?
True
Is 78107079 composite?
True
Is 15476687 a composite number?
True
Is 26066779 a composite number?
False
Is 474716587 prime?
True
Is 711060871 a composite number?
True
Is 201556643 a composite number?
False
Is 366083 prime?
False
Is 85201613 prime?
False
Is 7434517 composite?
False
Is 48657335 a prime number?
False
Is 1137709 a composite number?
True
Is 152004471 composite?
True
Is 12819329 a composite number?
False
Is 85797377 composite?
False
Is 803917 a prime number?
False
Is 41809991 a composite number?
False
Is 502297 a composite number?
True
Is 17768533 composite?
True
Is 123207549 a composite number?
True
Is 207384391 a prime number?
True
Is 5661059 prime?
False
Is 63867539 a prime number?
True
Is 180753509 prime?
True
Is 164165101 prime?
False
Is 3090623 composite?
True
Is 1160693 a prime number?
False
Is 29592641 prime?
False
Is 65053333 a composite number?
False
Is 5406653 a prime number?
False
Is 16081987 a prime number?
False
Is 582634237 composite?
False
Is 95171501 a composite number?
False
Is 10260269 a composite number?
True
Is 441179 prime?
True
Is 1427363 a prime number?
False
Is 1031831 a composite number?
False
Is 45646673 composite?
True
Is 103596251 a prime number?
False
Is 2059091 a prime number?
False
Is 68938021 composite?
False
Is 30363101 composite?
False
Is 63931753 a prime number?
False
Is 3740203 composite?
True
Is 1245914 a prime number?
False
Is 1212839 prime?
True
Is 22977841 a prime number?
False
Is 9043241 a composite number?
False
Is 17192537 prime?
False
Is 73134431 a prime number?
True
Is 28422419 prime?
False
Is 13779821 a composite number?
True
Is 421295089 composite?
True
Is 6345565 a prime number?
False
Is 1043509 composite?
True
Is 8613889 a composite number?
True
Is 1054379 composite?
True
Is 1679599 a prime number?
True
Is 26015369 a prime number?
False
Is 75975979 prime?
False
Is 16837493 composite?
False
Is 10830403 a composite number?
False
Is 13053367 a composite number?
False
Is 6674741 prime?
False
Is 110140529 composite?
False
Is 64671107 a composite number?
True
Is 336727 composite?
False
Is 72037487 a composite number?
True
Is 118195249 prime?
False
Is 1813699 a prime number?
True
Is 29425919 composite?
True
Is 177545531 a prime number?
True
Is 2327531 prime?
False
Is 763297 composite?
True
Is 23573117 a prime number?
True
Is 4699039 a composite number?
True
Is 32055929 a prime number?
True
Is 99259309 a prime number?
True
Is 608087 composite?
False
Is 616801 a composite number?
True
Is 104232451 composite?
False
Is 5002211 prime?
True
Is 4077133 a composite number?
True
Is 317302795 composite?
True
Is 576723167 a prime number?
True
Is 8358578 prime?
False
Is 8115011 prime?
True
Is 88377097 prime?
True
Is 4708841 a composite number?
False
Is 3543629 a prime number?
True
Is 20707018 prime?
False
Is 84964799 prime?
True
Is 299157737 prime?
False
Is 415383739 a composite number?
False
Is 13580483 a prime number?
False
Is 77524747 prime?
False
Is 3738737 a prime number?
False
Is 12013847 a prime number?
True
Is 22719527 composite?
False
Is 7827621 prime?
False
Is 124469287 composite?
False
Is 2295793 a prime number?
True
Is 94568351 prime?
True
Is 432518279 composite?
False
Is 686051 prime?
True
Is 13118555 composite?
True
Is 29351513 a prime number?
False
Is 43236173 a prime number?
False
Is 83748283 composite?
False
Is 1360349 a composite number?
False
Is 5146289 prime?
True
Is 298980879 composite?
True
Is 21948607 a prime number?
True
Is 56040437 prime?
False
Is 50120407 a composite number?
True
Is 14504489 a composite number?
False
Is 70619413 composite?
False
Is 224977535 a prime number?
False
Is 34718807 prime?
True
Is 36935047 composite?
True
Is 1671421 a prime number?
True
Is 5107567 prime?
False
Is 2254157 a composite number?
False
Is 77411 prime?
False
Is 89074939 a prime number?
True
Is 98060629 composite?
True
Is 9587 a composite number?
False
Is 1712605 a prime number?
False
Is 11765029 a composite number?
True
Is 14084533 prime?
False
Is 9009989 a composite number?
False
Is 10957915 prime?
False
Is 74906033 a prime number?
True
Is 61585351 a prime number?
True
Is 529969 a composite number?
True
Is 51463039 a prime number?
False
Is 1413251 composite?
True
Is 396337 a prime number?
False
Is 2223901 prime?
True
Is 2430509 a composite number?
True
Is 211225957 a composite number?
False
Is 1187681 composite?
True
Is 67285991 prime?
False
Is 41611939 a prime number?
False
Is 38476751 a composite number?
False
Is 1527377 prime?
False
Is 523602581 a prime number?
True
Is 46396393 a composite number?
True
Is 401261083 prime?
True
Is 322993997 a composite number?
True
Is 46040537 composite?
False
Is 7613999 a prime number?
True
Is 45819329 a prime number?
True
Is 1085347 a composite number?
True
Is 13130671 a prime number?
False
Is 74660127 prime?
False
Is 81774143 prime?
False
Is 132036287 a prime number?
True
Is 11500363 prime?
False
Is 14598329 composite?
False
Is 29592593 composite?
False
Is 532723 prime?
False
Is 364351 composite?
True
Is 16311311 a composite number?
True
Is 885769 a composite number?
False
Is 201676283 prime?
True
Is 4842471 a prime number?
False
Is 28190683 composite?
True
Is 29339077 composite?
True
Is 11894851 composite?
False
Is 8018477 prime?
True
Is 180731 a prime number?
True
Is 1354741 a prime number?
True
Is 10035679 composite?
False
Is 21110071 composite?
False
Is 469555 prime?
False
Is 37971393 a composite number?
True
Is 8483807 prime?
True
Is 32334613 a prime number?
False
Is 90711119 a prime number?
True
Is 344350711 a composite number?
False
Is 601153999 prime?
True
Is 924760981 prime?
True
Is 2866751 a composite number?
True
Is 1392287 prime?
False
Is 3265589 composite?
False
Is 65653981 prime?
False
Is 560284631 a composite number?
True
Is 146009131 prime?
True
Is 239903 composite?
True
Is 51232039 prime?
True
Is 3557321 composite?
True
Is 3194497 a prime number?
True
Is 2381807 a prime number?
True
Is 94356853 a prime number?
True
Is 19447177 prime?
True
Is 73768283 prime?
True
Is 367459 prime?
False
Is 312516823 a prime number?
True
Is 51323771 prime?
False
Is 6986143 a composite number?
True
Is 12485761 a prime number?
False
Is 230117 a prime number?
True
Is 142817377 a composite number?
False
Is 1724059 a composite number?
False
Is 191610131 a prime number?
True
Is 427001 prime?
True
Is 1754993753 a composite number?
False
Is 5927023 prime?
False
Is 47227337 composite?
True
Is 19578931 a composite number?
True
Is 6915749 prime?
False
Is 11012449 composite?
True
Is 1146993 prime?
False
Is 3976989 a composite number?
True
Is 12536591 composite?
True
Is 2474533 prime?
True
Is 47627409 a composite number?
True
Is 5372371 a composite number?
False
Is 5988883 prime?
True
Is 338659 prime?
True
Is 51778271 a prime number?
False
Is 5731307 composite?
True
Is 2433551 prime?
False
Is 4932671 composite?
False
Is 2584819 prime?
True
Is 891173 a composite number?
False
Is 88640117 a prime number?
False
Is 4703 a prime number?
True
Is 2605205 a composite number?
True
Is 364869049 a prime number?
False
Is 18513547 composite?
True
Is 896081 composite?
True
Is 203452367 a composite number?
False
Is 60048535 prime?
False
Is 118267 a prime number?
False
Is 85746347 composite?
False
Is 22511722 a composite number?
True
Is 640562367 prime?
False
Is 748063 a composite number?
True
Is 21023279 prime?
True
Is 1685717 a prime number?
False
Is 102049229 a composite number?
True
Is 45935881